 -5*m(u) + 2*p(u). Let k be t(4). Calculate the highest common factor of k and g.
19
Suppose 5*w + 2*m = -0*m + 3, 0 = -4*m + 16. Let n be -246 + ((-3)/w)/1. Let g be 2/((-6)/n)*1. What is the greatest common factor of g and 9?
9
Let l be (20/(-6))/((-6)/9). Suppose l*i - 621 = 59. What is the highest common divisor of i and 17?
17
Suppose -3*i = 6 - 12. Suppose 5*a = 2*t - 7, 4*t - 5 - 45 = -i*a. What is the greatest common divisor of 33 and t?
11
Let m be (0 - (-2)/(-1)) + -5 + 22. Calculate the highest common factor of m and 75.
15
Suppose -5*y + 61 = 3*x, -2*y + 51 = 3*x + y. Let n(w) = w**2 + 7*w. Let q be n(-9). What is the highest common factor of q and x?
6
Let b(x) = 9*x - 1. Let k be b(4). Let i = 17 - 3. What is the highest common factor of k and i?
7
Suppose s + 325 = -4*s. Let i = 95 + s. Calculate the greatest common factor of i and 10.
10
Let a be (84/9)/((-6)/(-207)). Let c be a/5 + 4/(-10). Suppose 0*j - 32 = -4*u + j, -u + 8 = j. Calculate the greatest common factor of u and c.
8
Let h = -67 - -109. What is the greatest common divisor of h and 12?
6
Let f be ((-16)/20)/(2/(-25)). What is the greatest common divisor of 70 and f?
10
Let g be 28/(-4)*(1 - 0). Let z be 2/g - 8004/(-84). What is the highest common divisor of z and 19?
19
Let j(v) = 2*v**2 - 6*v - 9. Let u be j(9). Suppose -2*m + 112 = 2*m. Let f = -19 + m. Calculate the greatest common factor of u and f.
9
Let f(b) = -b - 3. Let m(v) = 3*v + 8. Let k(a) = 11*f(a) + 4*m(a). Let d be k(3). What is the highest common divisor of d and 3?
1
Let z = 155 + 73. What is the highest common divisor of 24 and z?
12
Let k = 2 - 0. Suppose -k = x - 3. Let w be ((-70)/25)/(x/(-10)). What is the highest common divisor of w and 42?
14
Suppose 5*l + 0*y - 71 = y, -5*l = 2*y - 68. What is the greatest common factor of 35 and l?
7
Let y(u) = -u**3 - 10*u**2 - 10*u - 10. Let b be y(-10). Calculate the greatest common factor of b and 18.
18
Let t(d) = -13*d + 1. Let p be t(-3). Suppose -3*r + 2*r + 1 = 0. Let i = 3 + r. What is the highest common divisor of i and p?
4
Suppose 4*z + 18 = -0*r + 2*r, 3*r + 2*z - 3 = 0. What is the greatest common factor of r and 51?
3
Let f be (11/(-2))/((-4)/8). What is the highest common divisor of f and 11?
11
Let y be 1*2 - 54/(-6). Suppose -3*l - y = -4*l. Calculate the highest common factor of l and 1.
1
Let k be (-3 - -3)/2 + 11. Suppose -5*c + 376 = -3*m, c = 3*m - 6*m + 86. What is the highest common divisor of c and k?
11
Let w = 105 - 65. Let q = 6 - 3. Suppose -q*k = 6, -3*r + 4*k = 7*k - 24. What is the greatest common factor of r and w?
10
Suppose -5 = 2*p - 3*p - 4*o, -67 = -3*p + o. Suppose -t - 354 - 148 = 0. Let k be 1/4 - t/8. What is the highest common divisor of p and k?
21
Let y be (-1 + 4)*16/3. Let b = -41 - -42. Let h = b + 7. Calculate the highest common factor of y and h.
8
Let s be 24/5 - (-3)/15. Let q(w) = w**2 + w - 35. Let n be q(0). Let p be 14/n + 202/s. Calculate the greatest common factor of 5 and p.
5
Suppose 10*y - 14*y = -12. Suppose -104 = -y*q - 0*v + 2*v, 3*v = -q + 42. What is the greatest common factor of q and 108?
36
Let p(s) = s**2 - 6*s - 5. Let k be p(5). Let c be 1/((-1)/k)*4. Calculate the highest common divisor of 8 and c.
8
Let j be -4*(1 - 9/4). Suppose 4*l = -j*z + 100 + 28, 0 = -3*z + 5*l + 99. What is the highest common factor of z and 4?
4
Let b(o) = 42*o**3 - 2*o**2 + 2*o + 3. Let t be b(-2). Let u = 13 + -40. Let m be t/u + (-4)/(-18). What is the greatest common divisor of m and 52?
13
Let d be 70 + (2 - -2 - 2*1). What is the greatest common divisor of 16 and d?
8
Let g(n) = -2*n + 3. Let t be g(-2). What is the highest common divisor of t and 84?
7
Let d(s) = s**3 + 6*s**2 + 7*s + 5. Let l be d(-4). What is the highest common factor of 72 and l?
9
Let b = -148 - -161. What is the greatest common divisor of 377 and b?
13
Let q be 6/(-4)*1/((-6)/68). What is the greatest common divisor of 68 and q?
17
Suppose m = -m + 40. Let b be 8 + -6 + 1*2. Suppose -3*s + 60 + b = 4*w, s + 4*w - 24 = 0. What is the highest common divisor of m and s?
20
Let d = 10 + -1. What is the greatest common divisor of d and 45?
9
Let w be (190/15)/((-4)/(-6)). Suppose 2*t = -3*q + w, 4*t + q = 3*q - 2. Calculate the highest common divisor of t and 2.
2
Let m(s) = 4*s - 10. Let t be m(8). Suppose t = 4*w + 10. Calculate the highest common factor of 3 and w.
3
Suppose 2 = m - 1. Suppose 3*k - 4*y = 20 + 11, m*y = -2*k - 2. Suppose -2*n - 47 = -4*f + 29, k*f - n = 89. Calculate the highest common divisor of 17 and f.
17
Suppose -3*j = -15, -4*j = 4*k + j - 165. Calculate the greatest common factor of 245 and k.
35
Let a(f) = -11*f**2 + 2*f + 1. Let s be a(-1). Let o be (1*s - 2)/(-1). What is the greatest common divisor of 7 and o?
7
Let y(o) = -o**3 - 6*o**2 + 3*o + 5. Let s be y(-7). Calculate the highest common factor of 22 and s.
11
Suppose -110 - 50 = 4*b. Let d be ((-8)/10)/(4/b). What is the greatest common factor of 56 and d?
8
Let c be 1/(-4) + 5/4. Let y = 8 - 4. What is the greatest common divisor of y and c?
1
Let o(x) = 5*x**2 + 6*x + 3. Let b be o(-3). Calculate the greatest common factor of b and 60.
30
Let v(w) = w + 3. Let u be v(0). Calculate the highest common factor of u and 6.
3
Let n(z) = z - 5. Let j be n(8). Let p be (20/(-8) + j)*8. Calculate the greatest common divisor of 6 and p.
2
Let j = 182 - 162. Suppose -2*y + 31 + 9 = 0. What is the highest common factor of j and y?
20
Let f = -65 + 101. Let j = -1 + 1. Suppose j - f = -3*a. Calculate the highest common factor of a and 12.
12
Suppose 0 = 4*i - 23 - 65. Let f = 127 + -17. Let s be (f/8)/((-2)/(-8)). Calculate the greatest common factor of i and s.
11
Let g(w) = w - 5. Let k be g(5). Suppose i + 71 = -k*x + 4*x, 0 = -4*x - 5*i + 77. Calculate the greatest common factor of 198 and x.
18
Let s = -144 + 254. Calculate the greatest common divisor of s and 44.
22
Let j = -1 - -4. Let w be -1 + (-14)/j*-39. Suppose 2*x + 5*d - 63 = 0, 2*d = -4*x + 3*d + w. What is the highest common factor of 11 and x?
11
Suppose 4 = 3*h - 2. What is the greatest common divisor of 16 and h?
2
Suppose -3*h + 12 = -3*i, -3*h + 7*i + 9 = 3*i. What is the greatest common factor of 49 and h?
7
Let d = -62 + 88. Calculate the highest common factor of d and 26.
26
Let r be 2/(-4) - (-50)/20. Calculate the greatest common factor of r and 2.
2
Let i be (-56)/6*(-3)/2. Suppose 3*m = 2*m. Suppose -4*w - q + 450 = m, -40 = -w - 5*q + 82. Calculate the highest common divisor of i and w.
14
Let q(l) = -l + 1. Let i = -4 - -6. Let n be -6 - (-2 - (1 - i)). Let w be q(n). Calculate the greatest common factor of w and 48.
6
Suppose -3*h + 17 = l, 2*l + 5 = h + 4. Let f(j) be the first derivative of 5*j**2/2 + j + 1. Let k be f(l). Calculate the greatest common factor of k and 44.
11
Let m(a) = a + 11. Let j be m(-9). Suppose -2*y + 70 = 2*h, j = h - 3. What is the greatest common divisor of y and 12?
6
Suppose -t + 2*t = 5. Let k be (-6)/3 - (0 - t). What is the highest common factor of 30 and k?
3
Let m = -78 - -123. What is the highest common factor of 90 and m?
45
Suppose -4*x + 2*m + 4 = -3*x, -x - 5*m = -32. Suppose 5*c - 155 = 5*v, -16 = 4*c + 3*v - 175. What is the highest common factor of c and x?
12
Let s be -12 + 5/((-10)/4). Let x = 24 + s. Suppose 2*z + 3*k + x = 73, z + 5*k - 35 = 0. Calculate the greatest common factor of 6 and z.
6
Let c(b) = -b**2 - 6*b - 3. Let x be c(-3). What is the greatest common factor of x and 48?
6
Suppose z + 434 = 3*x, -x + 3*x - 285 = 5*z. Let q(c) = 14*c**2 - c. Let v be q(-2). What is the highest common factor of x and v?
29
Let g = 695 + -450. Calculate the highest common factor of 35 and g.
35
Let v(j) = -j + 19. Let x be v(-15). What is the greatest common divisor of 17 and x?
17
Let q(f) = f**3 - 15*f**2 + 15*f - 3. Let a be q(14). Calculate the greatest common factor of a and 11.
11
Let w be (4/(-10))/((-6)/30). Let i be 4/(-6)*3*-1. Suppose w*y + 4*f + i = -6, -3*y + f + 9 = 0. What is the greatest common factor of y and 10?
2
Suppose j - 3 = 12. What is the highest common factor of 15 and j?
15
Suppose 2*s = -2*s + 36. Let k be (10/(-3))/((-3)/s). What is the highest common divisor of k and 2?
2
Suppose 36 = 5*d + d. Suppo